[INFO] cloning repository https://github.com/cgfork/lightway-rs
[INFO] running `Command { std: "git" "-c" "credential.helper=" "-c" "credential.helper=/workspace/cargo-home/bin/git-credential-null" "clone" "--bare" "https://github.com/cgfork/lightway-rs" "/workspace/cache/git-repos/https%3A%2F%2Fgithub.com%2Fcgfork%2Flightway-rs", kill_on_drop: false }`
[INFO] [stderr] Cloning into bare repository '/workspace/cache/git-repos/https%3A%2F%2Fgithub.com%2Fcgfork%2Flightway-rs'...
[INFO] running `Command { std: "git" "rev-parse" "HEAD", kill_on_drop: false }`
[INFO] [stdout] 389aa419fb2521b6ea4092bdc0c8c84a4e6456cd
[INFO] checking cgfork/lightway-rs against master#e6e4f7ed1589e03bc2f6c5931c1a72e7947e8682 for beta-170-4
[INFO] running `Command { std: "git" "clone" "/workspace/cache/git-repos/https%3A%2F%2Fgithub.com%2Fcgfork%2Flightway-rs" "/workspace/builds/worker-0-tc2/source", kill_on_drop: false }`
[INFO] [stderr] Cloning into '/workspace/builds/worker-0-tc2/source'...
[INFO] [stderr] done.
[INFO] validating manifest of git repo https://github.com/cgfork/lightway-rs on toolchain e6e4f7ed1589e03bc2f6c5931c1a72e7947e8682
[INFO] running `Command { std: CARGO_HOME="/workspace/cargo-home" RUSTUP_HOME="/workspace/rustup-home" "/workspace/cargo-home/bin/cargo" "+e6e4f7ed1589e03bc2f6c5931c1a72e7947e8682" "metadata" "--manifest-path" "Cargo.toml" "--no-deps", kill_on_drop: false }`
[INFO] started tweaking git repo https://github.com/cgfork/lightway-rs
[INFO] finished tweaking git repo https://github.com/cgfork/lightway-rs
[INFO] tweaked toml for git repo https://github.com/cgfork/lightway-rs written to /workspace/builds/worker-0-tc2/source/Cargo.toml
[INFO] crate git repo https://github.com/cgfork/lightway-rs already has a lockfile, it will not be regenerated
[INFO] running `Command { std: CARGO_HOME="/workspace/cargo-home" RUSTUP_HOME="/workspace/rustup-home" "/workspace/cargo-home/bin/cargo" "+e6e4f7ed1589e03bc2f6c5931c1a72e7947e8682" "fetch" "--manifest-path" "Cargo.toml", kill_on_drop: false }`
[INFO] [stderr] warning: /workspace/builds/worker-0-tc2/source/proxy-server/Cargo.toml: `default-features` is ignored for clap, since `default-features` was not specified for `workspace.dependencies.clap`, this could become a hard error in the future
[INFO] running `Command { std: "docker" "create" "-v" "/var/lib/crater-agent-workspace/builds/worker-0-tc2/target:/opt/rustwide/target:rw,Z" "-v" "/var/lib/crater-agent-workspace/builds/worker-0-tc2/source:/opt/rustwide/workdir:ro,Z" "-v" "/var/lib/crater-agent-workspace/cargo-home:/opt/rustwide/cargo-home:ro,Z" "-v" "/var/lib/crater-agent-workspace/rustup-home:/opt/rustwide/rustup-home:ro,Z" "-e" "SOURCE_DIR=/opt/rustwide/workdir" "-e" "CARGO_TARGET_DIR=/opt/rustwide/target" "-e" "CARGO_HOME=/opt/rustwide/cargo-home" "-e" "RUSTUP_HOME=/opt/rustwide/rustup-home" "-w" "/opt/rustwide/workdir" "-m" "1610612736" "--user" "0:0" "--network" "none" "ghcr.io/rust-lang/crates-build-env/linux@sha256:19e73879b68f455e41552ea35293514db52ea292d993f571636dbffedb77a1ee" "/opt/rustwide/cargo-home/bin/cargo" "+e6e4f7ed1589e03bc2f6c5931c1a72e7947e8682" "metadata" "--no-deps" "--format-version=1", kill_on_drop: false }`
[INFO] [stdout] 04b1907918c0c2daa9344459c1e433c76ae062502ea35aef1b15e2eb4375ea09
[INFO] running `Command { std: "docker" "start" "-a" "04b1907918c0c2daa9344459c1e433c76ae062502ea35aef1b15e2eb4375ea09", kill_on_drop: false }`
[INFO] running `Command { std: "docker" "inspect" "04b1907918c0c2daa9344459c1e433c76ae062502ea35aef1b15e2eb4375ea09", kill_on_drop: false }`
[INFO] running `Command { std: "docker" "rm" "-f" "04b1907918c0c2daa9344459c1e433c76ae062502ea35aef1b15e2eb4375ea09", kill_on_drop: false }`
[INFO] [stdout] 04b1907918c0c2daa9344459c1e433c76ae062502ea35aef1b15e2eb4375ea09
[INFO] running `Command { std: "docker" "create" "-v" "/var/lib/crater-agent-workspace/builds/worker-0-tc2/target:/opt/rustwide/target:rw,Z" "-v" "/var/lib/crater-agent-workspace/builds/worker-0-tc2/source:/opt/rustwide/workdir:ro,Z" "-v" "/var/lib/crater-agent-workspace/cargo-home:/opt/rustwide/cargo-home:ro,Z" "-v" "/var/lib/crater-agent-workspace/rustup-home:/opt/rustwide/rustup-home:ro,Z" "-e" "SOURCE_DIR=/opt/rustwide/workdir" "-e" "CARGO_TARGET_DIR=/opt/rustwide/target" "-e" "CARGO_INCREMENTAL=0" "-e" "RUST_BACKTRACE=full" "-e" "RUSTFLAGS=--cap-lints=forbid" "-e" "RUSTDOCFLAGS=--cap-lints=forbid" "-e" "CARGO_HOME=/opt/rustwide/cargo-home" "-e" "RUSTUP_HOME=/opt/rustwide/rustup-home" "-w" "/opt/rustwide/workdir" "-m" "1610612736" "--user" "0:0" "--network" "none" "ghcr.io/rust-lang/crates-build-env/linux@sha256:19e73879b68f455e41552ea35293514db52ea292d993f571636dbffedb77a1ee" "/opt/rustwide/cargo-home/bin/cargo" "+e6e4f7ed1589e03bc2f6c5931c1a72e7947e8682" "check" "--frozen" "--all" "--all-targets" "--message-format=json", kill_on_drop: false }`
[INFO] [stdout] 8c5eb904b31cada74e95b8418015e837e6a2827a4787a0fab4ba79d43604fb60
[INFO] running `Command { std: "docker" "start" "-a" "8c5eb904b31cada74e95b8418015e837e6a2827a4787a0fab4ba79d43604fb60", kill_on_drop: false }`
[INFO] [stderr] warning: /opt/rustwide/workdir/proxy-server/Cargo.toml: `default-features` is ignored for clap, since `default-features` was not specified for `workspace.dependencies.clap`, this could become a hard error in the future
[INFO] [stderr]    Compiling proc-macro2 v1.0.47
[INFO] [stderr]    Compiling unicode-ident v1.0.5
[INFO] [stderr]    Compiling libc v0.2.132
[INFO] [stderr]    Compiling syn v1.0.103
[INFO] [stderr]    Compiling memchr v2.5.0
[INFO] [stderr]    Compiling log v0.4.17
[INFO] [stderr]     Checking once_cell v1.15.0
[INFO] [stderr]     Checking pin-project-lite v0.2.9
[INFO] [stderr]    Compiling futures-core v0.3.25
[INFO] [stderr]     Checking bytes v1.2.1
[INFO] [stderr]    Compiling lock_api v0.4.9
[INFO] [stderr]    Compiling parking_lot_core v0.9.4
[INFO] [stderr]    Compiling pkg-config v0.3.26
[INFO] [stderr]    Compiling cc v1.0.76
[INFO] [stderr]    Compiling serde_derive v1.0.147
[INFO] [stderr]     Checking smallvec v1.10.0
[INFO] [stderr]    Compiling tokio v1.21.0
[INFO] [stderr]    Compiling futures-channel v0.3.25
[INFO] [stderr]    Compiling serde v1.0.147
[INFO] [stderr]    Compiling futures-task v0.3.25
[INFO] [stderr]    Compiling quote v1.0.21
[INFO] [stderr]     Checking futures-sink v0.3.25
[INFO] [stderr]     Checking mio v0.8.4
[INFO] [stderr]     Checking num_cpus v1.14.0
[INFO] [stderr]     Checking socket2 v0.4.7
[INFO] [stderr]     Checking signal-hook-registry v1.4.0
[INFO] [stderr]     Checking parking_lot v0.12.1
[INFO] [stderr]    Compiling futures-util v0.3.25
[INFO] [stderr]     Checking aho-corasick v0.7.19
[INFO] [stderr]     Checking futures-io v0.3.25
[INFO] [stderr]     Checking regex-syntax v0.6.28
[INFO] [stderr]     Checking tracing-core v0.1.30
[INFO] [stderr]    Compiling typenum v1.15.0
[INFO] [stderr]    Compiling openssl v0.10.42
[INFO] [stderr]    Compiling anyhow v1.0.66
[INFO] [stderr]    Compiling generic-array v0.14.6
[INFO] [stderr]    Compiling openssl-sys v0.9.77
[INFO] [stderr]     Checking tracing v0.1.37
[INFO] [stderr]    Compiling native-tls v0.2.11
[INFO] [stderr]     Checking itoa v1.0.4
[INFO] [stderr]     Checking openssl-probe v0.1.5
[INFO] [stderr]     Checking http v0.2.8
[INFO] [stderr]    Compiling indexmap v1.9.1
[INFO] [stderr]     Checking proxy v0.1.0 (/opt/rustwide/workdir/proxy)
[INFO] [stderr]    Compiling proc-macro-error-attr v1.0.4
[INFO] [stderr]    Compiling thiserror v1.0.37
[INFO] [stderr]    Compiling httparse v1.8.0
[INFO] [stderr]     Checking hashbrown v0.12.3
[INFO] [stderr]    Compiling proc-macro-error v1.0.4
[INFO] [stderr]    Compiling num-traits v0.2.15
[INFO] [stderr]     Checking httpdate v1.0.2
[INFO] [stderr]     Checking cpufeatures v0.2.5
[INFO] [stderr]     Checking headers-core v0.2.0
[INFO] [stderr]     Checking http-body v0.4.5
[INFO] [stderr]     Checking want v0.3.0
[INFO] [stderr]     Checking atty v0.2.14
[INFO] [stderr]    Compiling num-integer v0.1.45
[INFO] [stderr]     Checking termcolor v1.1.3
[INFO] [stderr]     Checking regex v1.7.0
[INFO] [stderr]     Checking base64 v0.13.1
[INFO] [stderr]     Checking tower-service v0.3.2
[INFO] [stderr]     Checking mime v0.3.16
[INFO] [stderr]     Checking block-buffer v0.10.3
[INFO] [stderr]     Checking crypto-common v0.1.6
[INFO] [stderr]     Checking dirs-sys-next v0.1.2
[INFO] [stderr]     Checking dirs-sys v0.3.7
[INFO] [stderr]     Checking os_str_bytes v6.4.1
[INFO] [stderr]     Checking quick-error v1.2.3
[INFO] [stderr]    Compiling heck v0.4.0
[INFO] [stderr]     Checking digest v0.10.5
[INFO] [stderr]     Checking humantime v1.3.0
[INFO] [stderr]     Checking dirs v4.0.0
[INFO] [stderr]     Checking dirs-next v2.0.0
[INFO] [stderr]     Checking time v0.1.44
[INFO] [stderr]     Checking clap_lex v0.3.0
[INFO] [stderr]     Checking sha1 v0.10.5
[INFO] [stderr]     Checking iana-time-zone v0.1.53
[INFO] [stderr]    Compiling proxy-server v0.1.0 (/opt/rustwide/workdir/proxy-server)
[INFO] [stderr]     Checking boxfnonce v0.1.1
[INFO] [stderr]     Checking shellexpand v2.1.2
[INFO] [stderr]     Checking headers v0.3.8
[INFO] [stderr]     Checking fern v0.6.1
[INFO] [stderr]     Checking daemonize v0.4.1
[INFO] [stderr]     Checking env_logger v0.7.1
[INFO] [stderr]     Checking pretty_env_logger v0.4.0
[INFO] [stderr]     Checking chrono v0.4.23
[INFO] [stderr]    Compiling tokio-macros v1.8.0
[INFO] [stderr]    Compiling futures-macro v0.3.25
[INFO] [stderr]    Compiling openssl-macros v0.1.0
[INFO] [stderr]    Compiling thiserror-impl v1.0.37
[INFO] [stderr]    Compiling clap_derive v4.0.21
[INFO] [stderr]     Checking etcetera v0.4.0
[INFO] [stderr]     Checking clap v4.0.26
[INFO] [stderr]     Checking futures-executor v0.3.25
[INFO] [stderr]     Checking futures v0.3.25
[INFO] [stderr]     Checking tokio-util v0.7.4
[INFO] [stderr]     Checking tokio-stream v0.1.11
[INFO] [stderr]     Checking tokio-native-tls v0.3.0
[INFO] [stderr]     Checking h2 v0.3.15
[INFO] [stderr]     Checking proxy-rules v0.1.0 (/opt/rustwide/workdir/proxy-rules)
[INFO] [stderr]     Checking proxy-auth v0.1.0 (/opt/rustwide/workdir/proxy-auth)
[INFO] [stderr]     Checking toml v0.5.9
[INFO] [stderr]     Checking proxy-io v0.1.0 (/opt/rustwide/workdir/proxy-io)
[INFO] [stdout] error[E0658]: `impl Trait` in associated types is unstable
[INFO] [stdout]    --> proxy-io/src/stream.rs:184:23
[INFO] [stdout]     |
[INFO] [stdout] 184 |     type Future<'a> = impl Future<Output = Result<Self::Response, Self::Error>> + Send + 'a
[INFO] [stdout]     |                       ^^^^^^^^^^^^^^^^^^^^^^^^^^^^^^^^^^^^^^^^^^^^^^^^^^^^^^^^^^^^^^^^^^^^^
[INFO] [stdout]     |
[INFO] [stdout]     = note: see issue #63063 <https://github.com/rust-lang/rust/issues/63063> for more information
[INFO] [stdout]     = help: add `#![feature(impl_trait_in_assoc_type)]` to the crate attributes to enable
[INFO] [stdout] 
[INFO] [stdout] 
[INFO] [stdout] error[E0658]: `impl Trait` in associated types is unstable
[INFO] [stdout]    --> proxy-io/src/stream.rs:244:23
[INFO] [stdout]     |
[INFO] [stdout] 244 |     type Future<'a> = impl Future<Output = Result<Self::Response, Self::Error>> + Send + 'a
[INFO] [stdout]     |                       ^^^^^^^^^^^^^^^^^^^^^^^^^^^^^^^^^^^^^^^^^^^^^^^^^^^^^^^^^^^^^^^^^^^^^
[INFO] [stdout]     |
[INFO] [stdout]     = note: see issue #63063 <https://github.com/rust-lang/rust/issues/63063> for more information
[INFO] [stdout]     = help: add `#![feature(impl_trait_in_assoc_type)]` to the crate attributes to enable
[INFO] [stdout] 
[INFO] [stdout] 
[INFO] [stdout] error[E0658]: `impl Trait` in associated types is unstable
[INFO] [stdout]    --> proxy-io/src/stream.rs:339:23
[INFO] [stdout]     |
[INFO] [stdout] 339 |     type Future<'a> = impl Future<Output = Result<Self::Response, Self::Error>> + Send + 'a
[INFO] [stdout]     |                       ^^^^^^^^^^^^^^^^^^^^^^^^^^^^^^^^^^^^^^^^^^^^^^^^^^^^^^^^^^^^^^^^^^^^^
[INFO] [stdout]     |
[INFO] [stdout]     = note: see issue #63063 <https://github.com/rust-lang/rust/issues/63063> for more information
[INFO] [stdout]     = help: add `#![feature(impl_trait_in_assoc_type)]` to the crate attributes to enable
[INFO] [stdout] 
[INFO] [stdout] 
[INFO] [stdout] error[E0658]: `impl Trait` in associated types is unstable
[INFO] [stdout]    --> proxy-io/src/stream.rs:184:23
[INFO] [stdout]     |
[INFO] [stdout] 184 |     type Future<'a> = impl Future<Output = Result<Self::Response, Self::Error>> + Send + 'a
[INFO] [stdout]     |                       ^^^^^^^^^^^^^^^^^^^^^^^^^^^^^^^^^^^^^^^^^^^^^^^^^^^^^^^^^^^^^^^^^^^^^
[INFO] [stdout]     |
[INFO] [stdout]     = note: see issue #63063 <https://github.com/rust-lang/rust/issues/63063> for more information
[INFO] [stdout]     = help: add `#![feature(impl_trait_in_assoc_type)]` to the crate attributes to enable
[INFO] [stdout] 
[INFO] [stdout] 
[INFO] [stdout] error[E0658]: `impl Trait` in associated types is unstable
[INFO] [stdout]    --> proxy-io/src/stream.rs:244:23
[INFO] [stdout]     |
[INFO] [stdout] 244 |     type Future<'a> = impl Future<Output = Result<Self::Response, Self::Error>> + Send + 'a
[INFO] [stdout]     |                       ^^^^^^^^^^^^^^^^^^^^^^^^^^^^^^^^^^^^^^^^^^^^^^^^^^^^^^^^^^^^^^^^^^^^^
[INFO] [stdout]     |
[INFO] [stdout]     = note: see issue #63063 <https://github.com/rust-lang/rust/issues/63063> for more information
[INFO] [stdout]     = help: add `#![feature(impl_trait_in_assoc_type)]` to the crate attributes to enable
[INFO] [stdout] 
[INFO] [stdout] 
[INFO] [stdout] error[E0658]: `impl Trait` in associated types is unstable
[INFO] [stdout]    --> proxy-io/src/stream.rs:339:23
[INFO] [stdout]     |
[INFO] [stdout] 339 |     type Future<'a> = impl Future<Output = Result<Self::Response, Self::Error>> + Send + 'a
[INFO] [stdout]     |                       ^^^^^^^^^^^^^^^^^^^^^^^^^^^^^^^^^^^^^^^^^^^^^^^^^^^^^^^^^^^^^^^^^^^^^
[INFO] [stdout]     |
[INFO] [stdout]     = note: see issue #63063 <https://github.com/rust-lang/rust/issues/63063> for more information
[INFO] [stdout]     = help: add `#![feature(impl_trait_in_assoc_type)]` to the crate attributes to enable
[INFO] [stdout] 
[INFO] [stdout] 
[INFO] [stderr]     Checking hyper v0.14.23
[INFO] [stdout] error: aborting due to 3 previous errors
[INFO] [stdout] 
[INFO] [stdout] 
[INFO] [stdout] For more information about this error, try `rustc --explain E0658`.
[INFO] [stdout] 
[INFO] [stdout] error: aborting due to 3 previous errors
[INFO] [stdout] 
[INFO] [stdout] 
[INFO] [stdout] For more information about this error, try `rustc --explain E0658`.
[INFO] [stdout] 
[INFO] [stderr] error: could not compile `proxy-io` (lib test) due to 4 previous errors
[INFO] [stderr] warning: build failed, waiting for other jobs to finish...
[INFO] [stderr] error: could not compile `proxy-io` (lib) due to 4 previous errors
[INFO] running `Command { std: "docker" "inspect" "8c5eb904b31cada74e95b8418015e837e6a2827a4787a0fab4ba79d43604fb60", kill_on_drop: false }`
[INFO] running `Command { std: "docker" "rm" "-f" "8c5eb904b31cada74e95b8418015e837e6a2827a4787a0fab4ba79d43604fb60", kill_on_drop: false }`
[INFO] [stdout] 8c5eb904b31cada74e95b8418015e837e6a2827a4787a0fab4ba79d43604fb60
